What is x(-3)?
1
Let d(y) = -22*y + 15. Determine d(3).
-51
Let x(l) = -l**3 + 14*l**2 - 4*l + 20. Determine x(14).
-36
Let g(s) = s**3 + 26*s**2 - 55*s + 27. Give g(-28).
-1
Let s(l) = l**2 - 12*l + 28. Calculate s(8).
-4
Let k(o) = -o**3 - 23*o**2 + 51*o + 9. What is k(-25)?
-16
Let r(b) = b**2 - 10*b - 12. Calculate r(12).
12
Let w(i) = i**2 + 3*i - 2. What is w(-2)?
-4
Let s(r) = -2*r - 2. What is s(5)?
-12
Let d(j) = 19*j - 58. Determine d(4).
18
Let c(b) = -b**3 - 6*b**2 - 9*b - 62. Determine c(-6).
-8
Let p(i) = -6*i + 54. Calculate p(8).
6
Let f(s) = -s**3 - s**2 + 2*s - 6. Give f(-3).
6
Let b(c) = c**3 - 52*c**2 - 9. Calculate b(52).
-9
Let t(i) = i**3 + i**2 - i - 18. Give t(0).
-18
Let z(x) = -45*x**2 + 2*x - 1. Calculate z(1).
-44
Let i(r) = -5*r**2 - 3*r - 10. Give i(5).
-150
Let u(o) = 8*o**2 - 30*o - 9. Give u(4).
-1
Let z(s) = -s**3 - 13*s**2 - 4*s + 11. Give z(-13).
63
Let a(v) = -v + 2. Give a(-2).
4
Let n(u) = u**3 - 7*u**2 - 4*u + 6. Give n(4).
-58
Let d(l) = -l**3 + 4*l**2 + 8*l + 15. Determine d(7).
-76
Let r(k) = k - 6. What is r(-12)?
-18
Let t(o) = -o**2 - 4*o. What is t(-5)?
-5
Let o(t) = -9*t - 1. Determine o(-1).
8
Let t(z) = -5*z + 8. Calculate t(-17).
93
Let i(h) = h**3 + h**2 - 2*h + 1. Determine i(3).
31
Let m(r) = -r**3 + 13*r**2 - 23*r + 15. What is m(11)?
4
Let v(r) = 3*r - 41. What is v(16)?
7
Let h(x) = x**3 + 11*x**2 - 15*x + 5. Determine h(-12).
41
Let t(b) = -b**2 - 6*b + 76. Give t(7).
-15
Let q(i) = -i**3 - 6*i**2 - 10*i - 10. Give q(-5).
15
Let f(m) = 2*m - 13. Determine f(14).
15
Let p(c) = 3*c + 30. Calculate p(-8).
6
Let z(f) = f**3 - f**2 - f + 14. Calculate z(0).
14
Let t(d) = 7*d + 105. What is t(-16)?
-7
Let p(i) = -2*i**2 - 21. Calculate p(0).
-21
Let x(i) = -7*i**3 - 2*i**2 - i. Determine x(-1).
6
Let b(k) = k**2 + 6*k - 8. Give b(-8).
8
Let x(h) = h. What is x(-2)?
-2
Let a(d) = -d**3 + 10*d**2 + 11*d. Give a(11).
0
Let l(r) = r**3 + 22*r**2 - 24*r - 36. Give l(-23).
-13
Let z(o) = o**2 + 7*o - 2. What is z(-8)?
6
Let q(u) = -u**2 + 7. Give q(8).
-57
Let m(y) = -20*y - 77. Give m(-5).
23
Let h(z) = -6*z - 141. Determine h(-22).
-9
Let r(d) = -d**2 + 13*d - 7. Give r(13).
-7
Let u(k) = -k**3 - 4*k**2 + 11*k - 8. Determine u(-6).
-2
Let w(z) = z**2 + 4*z + 13. Calculate w(0).
13
Let q(f) = -f**2 + 10*f + 48. Calculate q(-6).
-48
Let j(m) = 3*m**3 + 5*m**2 + 2*m + 8. Give j(-4).
-112
Let y(u) = -u**3 + 6*u**2 + 19*u - 19. Calculate y(8).
5
Let t(y) = -y**3 + y**2 + 7*y + 47. Determine t(0).
47
Let j(i) = 2*i**2 - 23. Give j(-6).
49
Let a(x) = -7*x - 3. Calculate a(-12).
81
Let m(a) = -3*a**3 - 12*a**2 - a - 6. Give m(-4).
-2
Let q(x) = x**2 + 9*x + 2. Calculate q(-10).
12
Let z(n) = n**2 + 4*n - 10. Determine z(-5).
-5
Let j(n) = 276*n + 284. Calculate j(-1).
8
Let x(u) = 28*u - 4. Determine x(1).
24
Let c(j) = -j**2 + 32*j - 176. What is c(7)?
-1
Let u(l) = l**3 + 7*l**2 + l - 1. Calculate u(-6).
29
Let i(a) = 2*a - 10. Give i(-29).
-68
Let q(r) = -r**3 + 7*r**2 + r - 6. Determine q(5).
49
Let z(r) = 75*r**3 + 3*r**2 - 2*r. Calculate z(1).
76
Let a(y) = -3*y + 8. Determine a(5).
-7
Let m(b) = b**2 + 6*b - 33. Give m(6).
39
Let z(q) = -q**3 + 18*q**2 - 3. Give z(18).
-3
Let b(t) = -t**3 + 4*t - 1. Determine b(3).
-16
Let y(v) = -v**3 + 62*v**2 + 2*v - 131. Give y(62).
-7
Let l(n) = -n**3 + 4*n**2 + 20*n - 23. Determine l(7).
-30
Let g(c) = 2*c**2 + 24*c + 5. Give g(-11).
-17
Let t(a) = 3*a**3 - 3*a**2 + 4*a - 3. Give t(0).
-3
Let f(a) = -2*a**3 + 16*a**2 + 8*a - 11. Determine f(7).
143
Let k(g) = -g**3 - g**2 + 3*g - 2. Give k(1).
-1
Let t(u) = -11*u + 47. Give t(3).
14
Let i(s) = 3*s**3 + 3*s**2 - s - 4. Give i(-1).
-3
Let y(h) = -h - 120. What is y(-33)?
-87
Let v(u) = 3*u**2 - u. Determine v(1).
2
Let t(x) = x**3 - 21*x**2 + 37*x + 12. Give t(19).
-7
Let n(f) = -2*f - 25. Calculate n(-13).
1
Let o(r) = r**3 + 10*r**2 + 8*r + 1. Determine o(-9).
10
Let z(w) = -w**3 + 2*w**2 + 8*w + 5. What is z(4)?
5
Let r(y) = -y**3 + y**2 - 4*y - 8. Determine r(0).
-8
Let r(o) = 24*o**3 + o**2. Calculate r(1).
25
Let f(b) = -b**2 + 10*b - 16. Determine f(10).
-16
Let p(r) = -r**2 + 7*r - 1. Calculate p(7).
-1
Let p(b) = -b**2 - 11*b - 3. Give p(-8).
21
Let k(c) = -c**3 + 5*c - 2. Calculate k(4).
-46
Let r(h) = 2*h**2 + 52*h + 310. Determine r(-9).
4
Let y(l) = -l**3 - 7*l**2 - 3*l + 5. Determine y(-7).
26
Let m(x) = x**2 + 4*x + 2. Give m(-3).
-1
Let x(k) = -k**2 - 37*k + 48. Determine x(-38).
10
Let o(n) = n**3 - 21*n**2 - 44*n + 11. Determine o(23).
57
Let p(v) = 5*v + 48. Calculate p(-7).
13
Let i(f) = -f**3 + 3*f**2 + f - 1. Give i(5).
-46
Let r(i) = i**3 + 7*i**2 + i - 4. Calculate r(-7).
-11
Let k(y) = -6*y + 11. Calculate k(6).
-25
Let c(b) = -4*b - 55. What is c(0)?
-55
Let u(c) = -c**2 - 9*c + 15. Give u(-10).
5
Let b(i) = -9*i + 5. Calculate b(6).
-49
Let l(j) = 25*j**2 - j + 1. What is l(1)?
25
Let x(u) = u**3 + 4*u**2 - 20*u + 2. What is x(-7)?
-5
Let p(h) = -h**2 - 30*h - 210. Give p(-11).
-1
Let a(y) = -y**3 + 8*y**2 + 19*y + 18. Give a(10).
8
Let j(u) = u - 3. What is j(18)?
15
Let l(p) = -24*p**2. Calculate l(1).
-24
Let u(q) = q**3 - 2*q**2 - 2*q + 4. Determine u(0).
4
Let o(r) = -r**2 + 22*r + 130. Give o(27).
-5
Let a(g) = -52*g - 251. Determine a(-5).
9
Let i(s) = s**3 - 27*s**2 + 52*s - 48. Determine i(25).
2
Let n(v) = -v**3 + 2*v**2 + 2*v + 18. Determine n(4).
-6
Let r(k) = -5*k**2 + 3*k + 2. Give r(4).
-66
Let s(n) = -15*n + 68. Determine s(5).
-7
Let b(d) = d**2 + 11*d + 20. Give b(-8).
-4
Let o(r) = -7*r + 16. Determine o(2).
2
Let l(g) = 22*g**2 + 8*g - 2. Determine l(-2).
70
Let r(a) = -a**3 + 9*a**2 + 49*a + 15. Determine r(13).
-24
Let h(f) = -f**2 - 12*f + 76. Determine h(-17).
-9
Let v(y) = 3*y + 20. Determine v(7).
41
Let r(s) = -s**3 - 6*s**2 - 5*s + 3. Calculate r(-4).
-9
Let i(x) = 2*x**2 + 11*x + 37. Determine i(-7).
58
Let n(q) = q**2 + 2*q - 35. Calculate n(-7).
0
Let n(d) = d**3 - 19*d**2 - 2*d + 39. Give n(19).
1
Let m(r) = r**2 - 15*r - 11. Determine m(14).
-25
Let z(a) = -a**3 + 13*a**2 - 38*a - 18. Calculate z(8).
-2
Let l(y) = 65*y**3 - y**2 + y + 1. What is l(-1)?
-66
Let f(l) = -3*l**2 - 4*l + 2. Calculate f(-5).
-53
Let y(u) = u**2 - 24*u - 87. Give y(-4).
25
Let o(h) = -h - 1. What is o(-2)?
1
Let d(h) = -4*h + 32. Determine d(7).
4
Let s(g) = -10*g**2 + 3*g. What is s(2)?
-34
Let z(w) = -w**3 + 20*w**2 + 25*w - 65. What is z(21)?
19
Let m(u) = 10*u - 211. Determine m(26).
49
Let g(b) = b**2 + 9*b - 2. Calculate g(-7).
-16
Let t(b) = b - 27. Calculate t(2).
-25
Let i(n) = 19*n - 6. Determine i(1).
13
Let q(u) = -u**3 + 23*u**2 - u - 17. Determine q(23).
-40
Let s(h) = -2*h**2 - 70*h - 35. What is s(-34)?
33
Let y(j) = 5*j**2 - 6*j + 3. Calculate y(-2).
35
Let t(k) = k**3 + 19*k**2 - 42*k + 19. Determine t(-21).
19
Let o(t) = -t**2 + 2*t + 6. Give o(7).
-29
Let l(y) = y**3 - 7*y**2 + 11*y - 23. Give l(7).
54
Let o(k) = -k + 10. Determine o(4).
6
Let w(d) = d**2 - 6*d - 4. Calculate w(5).
-9
Let a(p) = 13*p**2 + 2*p + 1. Determine a(-1).
12
Let x(y) = y**3 + 14*y**2 + 11*y - 15. What is x(-13)?
11
Let g(d) = d**3 + 21*d**2 - 22*d - 11. What is g(-22)?
-11
Let s(d) = 3*d**2 - 2*d + 4. What is s(2)?
12
Let s(w) = w**2 - 18*w - 19. Determine s(19).
0
Let k(w) = -w**3 - 3*w**2 + 5*w + 2. Calculate k(-4).
-2
Let v(f) = f - 1. What is v(-2)?
-3
Let n(d) = 15*d**2 - 3*d. Calculate n(2).
54
Let h(c) = -c**2 + c - 17. Determine h(0).
-17
Let o(q) = 8*q + 13. Determine o(-7).
-43
Let y(v) = v**3 + v**2 + v + 39. Give y(0).
39
Let x(h) = -2*h**3 - 18*h**2 - 17*h - 18. Determine x(-8).
-10
Let v(h) = h - 24. Calculate v(11).
-13
Let z(a) = -2*a**2 - 12*a - 3. Give z(-6).
-3
Let g(n) = n**3 + 7*n**2 - 3*n - 13. Determine g(-8).
-53
Let d(s) = -2*s**2 + 22*s + 27. Give d(12).
3
Let u(x) = -22*x - 4. Give u(3).
-70
Let p(w) = -33*w**3 - 12*w - 13. Determine p(-1).
32
Let n(g) = g**2 - 10*g - 3. What is n(10)?
-3
Let k(d) = -d**3 + d**2 + 5*d + 2. What is k(-2)?
4
Let d(a) = 2*a**3 + 46*a**2 + 52*a - 6. Calculate d(-22).
-182
Let v(g) = -g**3 + 13*g**2 + 12*g - 14. What is v(14)?
-42
Let u(v) = -4*v - 103. Calculate u(-34).
33
Let m(j) = 7*j**2 - 36*j + 3. Give m(5).
-2
Let n(z) = 11*z**2 - 4*z - 1. Give n(1).
6
Let a(x) = 2*x**2 - 13*x + 13. What is a(6)?
7
Let f(a) = a*